6*b + n - 3551 = 0, 4*n = -2*b + 2384. Suppose 3*w - 1056 - 111 = g, 3*w - b = -4*g. What is the hundreds digit of w?
3
Let p = 235 - 55. What is the units digit of 3494/8 + p/144?
8
What is the tens digit of (-2)/(-7) + (-1543230)/(-455) - 4?
8
Suppose 0 = -50*q + 24*q + 145626. What is the units digit of q?
1
Suppose -c + 5*g + 1154 = 109, 2*c - 2062 = -4*g. Suppose 18*q - 9*q = c. What is the tens digit of q?
1
Let a(t) = -t + 5. Let o be a(-3). Suppose -2*i + g = -1032, 2*g + o + 0 = 0. What is the tens digit of i?
1
Suppose 42*c - 236546 + 4580 = 0. What is the tens digit of c?
2
Suppose 467*p = 623*p - 1964040. What is the thousands digit of p?
2
Let w(s) = 5*s - 228. Let b be w(46). Suppose -4*p = -b*o - 3002 - 4498, 0 = 3*p - 2*o - 5624. What is the hundreds digit of p?
8
Let z(j) = 3*j**3 - 2*j**2 + 22*j + 43. What is the tens digit of z(7)?
2
Let g(w) = 12*w - 29. Let o be g(5). Let v = -59 + 84. Let r = o - v. What is the units digit of r?
6
Let v(k) = 0 - 2*k - 9 - k + 0*k. Let b be v(-3). Let f(m) = m**3 + 2*m + 50. What is the units digit of f(b)?
0
Let c be (-6)/(-15) + 84/15. Suppose 4 = 2*h - c. Suppose -3*f + 96 = 3*b, -b - h*f = -2*b + 62. What is the tens digit of b?
3
Let w(q) be the third derivative of q**5/30 - 3*q**4/4 + 65*q**3/3 - 5*q**2 - 3*q. What is the units digit of w(24)?
0
Let r be (1089/36)/((-1)/(-8)). Let f = r + -139. Let q = f + -25. What is the tens digit of q?
7
Let p(m) = 13*m + 2711. What is the thousands digit of p(-14)?
2
What is the thousands digit of -4*60/48 + (-7)/((-28)/10984)?
2
Let s = 149 + -131. Let v(b) = 5*b + 94. What is the hundreds digit of v(s)?
1
Suppose 0 = 4*q - 4*z - 2822 - 6254, 6795 = 3*q + 3*z. What is the hundreds digit of q?
2
Suppose 5*o + i = 27113, -4*o + 4*i - 8*i + 21700 = 0. What is the tens digit of o?
2
Suppose 2*n - 11 = -17. Let d be (n/(15/4))/((-4)/(-10)). Let w(h) = 7*h**2 + h + 6. What is the units digit of w(d)?
2
Let n(u) be the third derivative of -u**5/60 - u**4 + 16*u**3/3 + 34*u**2. What is the units digit of n(-25)?
7
Suppose -11*a + 3*x + 91467 = -8*a, 4*x - 60960 = -2*a. What is the hundreds digit of a?
4
What is the thousands digit of (-72 - -80)*(17121/6 + 3)?
2
Suppose 21*h = 23*h - 28. Let c be 784/343 - (-2)/h*-2. Suppose 4*p = s + 24, -s = c*p - 0 - 6. What is the units digit of p?
5
Suppose -3*v - 247698 = -g - 5*g, -5*v = -5*g + 206405. What is the tens digit of g?
8
Let f(a) = -10 + 24 - 13*a**2 + 2*a + 34*a**2 + 8*a. What is the tens digit of f(4)?
9
Suppose 24*w - 68*w = -29*w - 85830. What is the tens digit of w?
2
Let v(n) = 6*n**2 - 2*n + 1. Let j = -20 - -21. Let f be v(j). Suppose b + 256 = f*b. What is the tens digit of b?
6
Let x be (6/(-11))/((-64)/352). Suppose -x*u + 2*d + 646 = -2457, 0 = -u + 4*d + 1041. What is the thousands digit of u?
1
Let a(s) = 95*s - 32. Suppose -c + 6 = h, 0 = -2*h + 2. What is the hundreds digit of a(c)?
4
Let n be 1781 + -9 + (-4 - -17). Suppose 0 = 2*y + 6*t - t - n, -2*t = -10. What is the tens digit of y?
8
Let j be (-24)/72 - 7340/(-6). Let z = 1752 - j. What is the hundreds digit of z?
5
Let c(i) = 2*i**3 + 6*i**2 - 27*i + 7. Let y be c(4). Suppose -79*x + 80*x - y = 0. What is the tens digit of x?
2
Suppose 297 = 5*n + 297. Suppose 2*w + 7 = s, -4*w - 8 = s + 3. What is the tens digit of (s + n)/(9/1242)?
3
Suppose -140 - 238 = -42*g. Let v(t) = 2*t**3 - 6*t**2 - 21*t + 18. What is the units digit of v(g)?
1
Suppose y - 4*n = -157, -3*y + 5*n - 6*n - 523 = 0. Let d = 585 - y. What is the units digit of d?
8
Let m(l) = -l**3 - 11*l**2 - 21*l - 9. Let f = -55 + 34. Let a = 12 + f. What is the tens digit of m(a)?
1
Suppose -4*t - 900 = 2520. What is the tens digit of (-2)/(-2 - t/428)?
5
Let a = 18 - 13. Suppose a*q - 4*r = 65, 5*r + 55 + 5 = 5*q. Suppose 584 = -13*s + q*s. What is the tens digit of s?
4
Suppose 3*k + 231 = 2*r, 3 = 4*k - k. Suppose -2*d = -5*w + 54 + r, w = 4*d + 315. Let c = -34 - d. What is the tens digit of c?
4
Suppose 0 = -164*u + 165*u - 675. Let s = u - -269. What is the units digit of s?
4
Let y(j) = 2*j**2 + 22*j + 51. Let n be y(-8). Suppose 0 = -5*d + 8*p - 9*p + 7525, 5*d - n*p = 7525. What is the units digit of d?
5
Let u be ((-225)/125)/(-1*(-2)/(-20)). What is the hundreds digit of 11*-6*(-348)/u?
2
Let d be 30/(-4)*(-3 - -1). Let t be (-33 + 32)/((-1)/(-13)). Let k = t + d. What is the units digit of k?
2
Let t(p) = 4*p**2 - 4*p - 2. Let s be t(4). Suppose y = -4*j + 229, -3*j + 8*y - 4*y = -148. Let h = j - s. What is the tens digit of h?
1
Let p = -7 - 24. Let c = p + -17. What is the hundreds digit of (-5724)/c + 1/(-4)?
1
Suppose -5*a = -8*a + 12. Suppose 2*g = -a*y + 2402, -g + 12 - 9 = 0. What is the tens digit of y?
9
Suppose -20*m = -22*m + 6. Let z be (77/(-21))/(-11) - (-134)/m. Suppose -4*w = w - z. What is the units digit of w?
9
Let b = 3866 + -3509. Let a(j) = -19*j + 4. Let n be a(-5). Suppose -8*r + n + b = 0. What is the tens digit of r?
5
Suppose 2 = -i, 10 = 4*n + i - 0. Let r(t) = 4*t**3 + t - 2. Let s be r(1). Suppose 4*m = s*y + 277, 0*y + 234 = 3*m + n*y. What is the tens digit of m?
7
Let r = 36013 + -14684. What is the ten thousands digit of r?
2
Let w(s) = 2*s**2 + 3*s - 1. Let l be w(-2). Suppose -5*o = 2*g + 2*g + 33, -5*g - 3*o = 25. What is the units digit of (g/(l - 3))/(3/273)?
1
What is the units digit of (-60)/(22 - 7) - -25634?
0
Let n = 64805 + -45615. What is the ten thousands digit of n?
1
Let n(g) = g**2 - 2*g + 8. Let s(d) = 2*d**2 - 3*d + 12. Let t(v) = 8*n(v) - 5*s(v). Let l be t(4). Let h = 117 + l. What is the tens digit of h?
8
Suppose -10 = -54*k + 52*k. Suppose g - 131 = -2*r, -2*r = k*g - 125 + 14. What is the tens digit of ((-6)/2)/((-6)/r)?
3
Let t = 4640 - -4566. What is the tens digit of t?
0
Let n be 4/(-54)*3 - 1225/(-45). Let p be (165/6 + 1)*2. Let o = p + n. What is the tens digit of o?
8
Let s(a) = -2*a**3 - 9*a**2 - 2*a - 5. Let d(w) = -5*w**3 - 19*w**2 - 4*w - 9. Let q(k) = -4*d(k) + 9*s(k). What is the units digit of q(6)?
1
Suppose -2*j - 7*j - 2*j = -122771. What is the units digit of j?
1
Suppose -21*s - 4086 - 2319 = 0. Let z = s - -753. What is the hundreds digit of z?
4
Let s(y) be the first derivative of -y**4/24 + 7*y**3/2 - y**2/2 + 8. Let u(c) be the second derivative of s(c). What is the units digit of u(17)?
4
Let t = 622 + -286. Let j = t - 139. What is the units digit of j?
7
Let p(k) = -96*k + 16*k**2 - k**3 + 2*k**3 + 91*k + 15. What is the tens digit of p(-16)?
9
Let v(m) = -12*m + 5. Let r(h) = h**2 + 12*h - 14. Suppose -4*p = -4*l - 56, -5*l - 39 = -3*p + 29. Let d be r(l). What is the tens digit of v(d)?
1
Suppose 3*o + 5*u - 13 = -6, -5*o = -5*u - 25. Suppose -2043 = -o*b + x, -b - 2045 = -5*b - x. What is the tens digit of b?
1
Suppose 355 - 347 = 2*x, -3*x = y - 8201. What is the tens digit of y?
8
Let h = -106 + 168. Let q = h + -57. Suppose 4*z + 0*z = 20, 450 = q*n - z. What is the units digit of n?
1
Suppose -5*d + 2*l = 5*l - 5376, -l - 3234 = -3*d. Suppose -d = -10*t + 1243. What is the tens digit of t?
3
Suppose 2*z + 2915 = 7*z + 5*f, -4*z = -3*f - 2339. Let n = z + -126. What is the units digit of n?
8
Suppose 3*m - 460 = 5528. What is the thousands digit of m?
1
Suppose 2*f + 9863 - 1431 = 0. What is the hundreds digit of 2/10 + -2 + f/(-20)?
2
Suppose -9*a + 14 + 40 = 0. Let i(j) = 72*j + 49. What is the tens digit of i(a)?
8
Let q(k) = 60*k - 2. Let r(i) = -180*i + 6. Let d(a) = -11*q(a) - 4*r(a). Let g = -4 - -5. What is the units digit of d(g)?
8
Suppose -3542 - 1798 = -20*w. Let k = w + -161. What is the hundreds digit of k?
1
Let i be (-1 - 25)/((-6)/9 - 0). Suppose 0*r + 2*y = 2*r - 388, -3*r = y - 586. Suppose 5*c + 3*w = r, 4*w + i = c + w. What is the tens digit of c?
3
Let l(o) = -4*o**2 - 19*o - 10. Let w be l(5). Let c = w - -498. What is the units digit of c?
3
Suppose 4*i - 91 = 69. Suppose 8 = -4*g, i*k + 5*g = 43*k - 1999. What is the tens digit of k?
6
Let p be 4 - -302*18/12. Let r = p + -102. What is the tens digit of r?
5
Let l(k) = -3*k**2 + 13*k - 11. Let d be l(8). Let a = d + 387. Suppose 2*h + a = 4*h. What is the tens digit of h?
4
Let s = 395 - -59. Let h = -305 + s. What is the hundreds digit of h?
1
Let w = -7217 + 20470. What is the units di